{"id":1148,"date":"2025-12-01T16:51:13","date_gmt":"2025-12-01T15:51:13","guid":{"rendered":"https:\/\/oasiodv.it\/?page_id=1148"},"modified":"2025-12-01T16:51:13","modified_gmt":"2025-12-01T15:51:13","slug":"formazione","status":"publish","type":"page","link":"https:\/\/oasiodv.it\/?page_id=1148","title":{"rendered":"Formazione"},"content":{"rendered":"\n<div class=\"wp-block-stackable-columns alignfull stk-block-columns stk-block stk-47369fb stk-block-background\" data-block-id=\"47369fb\"><style>.stk-47369fb .stk--block-align-47369fb{align-items:center !important;}.stk-47369fb {background-color:#fbf6ed !important;margin-top:0px !important;margin-bottom:0px !important;}.stk-47369fb:before{background-color:#fbf6ed !important;}.stk-47369fb-column{--stk-column-gap:50px !important;row-gap:50px !important;}<\/style><div class=\"stk-row stk-inner-blocks stk--block-align-47369fb stk-block-content stk-content-align stk-47369fb-column\">\n<div class=\"wp-block-stackable-column stk-block-column stk-column stk-block stk-1da631d\" data-v=\"4\" data-block-id=\"1da631d\"><style>.stk-1da631d-container{margin-top:0px !important;margin-right:0px !important;margin-bottom:0px !important;margin-left:0px !important;}.stk-1da631d {margin-top:125px !important;margin-right:auto !important;margin-bottom:98px !important;margin-left:auto !important;}<\/style><div class=\"stk-column-wrapper stk-block-column__content stk-container stk-1da631d-container stk--no-background stk--no-padding\"><div class=\"stk-block-content stk-inner-blocks stk-1da631d-inner-blocks\">\n<h2 class=\"wp-block-heading\">Formazione<\/h2>\n\n\n\n<p><strong>Oasi ODV promuove percorsi di formazione pensati per valorizzare le capacit\u00e0 individuali e offrire nuove opportunit\u00e0 a chi vive situazioni di fragilit\u00e0.<\/strong> Crediamo che le attivit\u00e0 educative siano uno strumento fondamentale per favorire crescita personale, integrazione e partecipazione attiva alla vita della comunit\u00e0.<\/p>\n\n\n\n<p><strong>Sosteniamo iniziative di inclusione digitale e sociale<\/strong>, offrendo corsi, laboratori e supporto personalizzato sia individuale che di gruppo che permettono alle persone pi\u00f9 svantaggiate \u2013 incluse quelle che vivono condizioni di disabilit\u00e0 \u2013 di acquisire competenze utili nel mondo contemporaneo.<\/p>\n\n\n\n<p><strong>Crediamo che l\u2019accesso per tutti alle tecnologie e alle conoscenze digitali<\/strong>, rappresenti una chiave essenziale per ridurre le disuguaglianze e prevenire nuove forme di esclusione.<\/p>\n\n\n\n<p><strong>Attraverso collaborazioni con scuole, imprese, associazioni e professionisti, sviluppiamo attivit\u00e0 che stimolano curiosit\u00e0, autonomia e fiducia in s\u00e9 stessi.<\/strong><\/p>\n\n\n\n<p>Il nostro obiettivo \u00e8 accompagnare ogni persona in un percorso di crescita che non solo arricchisca le competenze, ma contribuisca a costruire un futuro pi\u00f9 consapevole, inclusivo e ricco&nbsp;di&nbsp;possibilit\u00e0.<\/p>\n<\/div><\/div><\/div>\n\n\n\n<div class=\"wp-block-stackable-column stk-block-column stk-column stk-block stk-43cb914\" data-v=\"4\" data-block-id=\"43cb914\"><style>.stk-43cb914-container{margin-top:0px !important;margin-right:0px !important;margin-bottom:0px !important;margin-left:0px !important;}<\/style><div class=\"stk-column-wrapper stk-block-column__content stk-container stk-43cb914-container stk--no-background stk--no-padding\"><div class=\"stk-block-content stk-inner-blocks stk-43cb914-inner-blocks\">\n<figure class=\"wp-block-image size-large has-custom-border\"><img loading=\"lazy\" decoding=\"async\" width=\"1024\" height=\"683\" src=\"https:\/\/oasiodv.it\/wp-content\/uploads\/2025\/12\/16288-1024x683.jpg\" alt=\"\" class=\"wp-image-1150\" style=\"border-style:none;border-width:0px;border-radius:14px;aspect-ratio:1;object-fit:cover\" srcset=\"https:\/\/oasiodv.it\/wp-content\/uploads\/2025\/12\/16288-1024x683.jpg 1024w, https:\/\/oasiodv.it\/wp-content\/uploads\/2025\/12\/16288-300x200.jpg 300w, https:\/\/oasiodv.it\/wp-content\/uploads\/2025\/12\/16288-768x512.jpg 768w, https:\/\/oasiodv.it\/wp-content\/uploads\/2025\/12\/16288.jpg 1500w\" sizes=\"auto, (max-width: 1024px) 100vw, 1024px\" \/><\/figure>\n\n\n\n<p class=\"has-palette-color-4-color has-text-color has-link-color has-small-font-size wp-elements-1124fd9629bb153df180a87e89a482c2\"><strong>Credits: <\/strong><a href=\"https:\/\/it.freepik.com\/foto-gratuito\/tutti-sorridono-e-ascoltano-gruppo-di-persone-alla-conferenza-di-lavoro-in-aula-moderna-durante-il-giorno_9694503.htm#fromView=search&amp;page=1&amp;position=1&amp;uuid=58c3b1e6-8e6a-4531-a089-c5469ff1ae1b&amp;query=formazione\">Immagine di standret su Freepik<\/a><\/p>\n<\/div><\/div><\/div>\n<\/div><\/div>\n\n\n\n<div class=\"wp-block-stackable-spacer stk-block-spacer stk--no-padding stk-block stk-0c5a20f\" data-block-id=\"0c5a20f\"><style>.stk-0c5a20f {height:130px !important;}@media screen and (max-width:999px){.stk-0c5a20f {height:80px !important;}}<\/style><\/div>\n\n\n\n<p><\/p>\n","protected":false},"excerpt":{"rendered":"<p>Formazione Oasi ODV promuove percorsi di formazione pensati per valorizzare le capacit\u00e0 individuali e offrire nuove opportunit\u00e0 a chi vive situazioni di fragilit\u00e0. Crediamo che le attivit\u00e0 educative siano uno strumento fondamentale per favorire crescita personale, integrazione e partecipazione attiva alla vita della comunit\u00e0. Sosteniamo iniziative di inclusione digitale e sociale, offrendo corsi, laboratori e [&hellip;]<\/p>\n","protected":false},"author":1,"featured_media":974,"parent":0,"menu_order":0,"comment_status":"closed","ping_status":"closed","template":"","meta":{"footnotes":""},"class_list":["post-1148","page","type-page","status-publish","has-post-thumbnail","hentry"],"blocksy_meta":{"styles_descriptor":{"styles":{"desktop":"","tablet":"","mobile":""},"google_fonts":[],"version":6}},"rttpg_featured_image_url":{"full":["https:\/\/oasiodv.it\/wp-content\/uploads\/2024\/12\/kvalifik-5Q07sS54D0Q-unsplash.jpg",5184,3888,false],"landscape":["https:\/\/oasiodv.it\/wp-content\/uploads\/2024\/12\/kvalifik-5Q07sS54D0Q-unsplash.jpg",5184,3888,false],"portraits":["https:\/\/oasiodv.it\/wp-content\/uploads\/2024\/12\/kvalifik-5Q07sS54D0Q-unsplash.jpg",5184,3888,false],"thumbnail":["https:\/\/oasiodv.it\/wp-content\/uploads\/2024\/12\/kvalifik-5Q07sS54D0Q-unsplash.jpg",150,113,false],"medium":["https:\/\/oasiodv.it\/wp-content\/uploads\/2024\/12\/kvalifik-5Q07sS54D0Q-unsplash.jpg",300,225,false],"large":["https:\/\/oasiodv.it\/wp-content\/uploads\/2024\/12\/kvalifik-5Q07sS54D0Q-unsplash.jpg",1024,768,false],"1536x1536":["https:\/\/oasiodv.it\/wp-content\/uploads\/2024\/12\/kvalifik-5Q07sS54D0Q-unsplash.jpg",1536,1152,false],"2048x2048":["https:\/\/oasiodv.it\/wp-content\/uploads\/2024\/12\/kvalifik-5Q07sS54D0Q-unsplash.jpg",2048,1536,false]},"rttpg_author":{"display_name":"admin","author_link":"https:\/\/oasiodv.it\/?author=1"},"rttpg_comment":0,"rttpg_category":null,"rttpg_excerpt":"Formazione Oasi ODV promuove percorsi di formazione pensati per valorizzare le capacit\u00e0 individuali e offrire nuove opportunit\u00e0 a chi vive situazioni di fragilit\u00e0. Crediamo che le attivit\u00e0 educative siano uno strumento fondamentale per favorire crescita personale, integrazione e partecipazione attiva alla vita della comunit\u00e0. Sosteniamo iniziative di inclusione digitale e sociale, offrendo corsi, laboratori e&hellip;","_links":{"self":[{"href":"https:\/\/oasiodv.it\/index.php?rest_route=\/wp\/v2\/pages\/1148","targetHints":{"allow":["GET"]}}],"collection":[{"href":"https:\/\/oasiodv.it\/index.php?rest_route=\/wp\/v2\/pages"}],"about":[{"href":"https:\/\/oasiodv.it\/index.php?rest_route=\/wp\/v2\/types\/page"}],"author":[{"embeddable":true,"href":"https:\/\/oasiodv.it\/index.php?rest_route=\/wp\/v2\/users\/1"}],"replies":[{"embeddable":true,"href":"https:\/\/oasiodv.it\/index.php?rest_route=%2Fwp%2Fv2%2Fcomments&post=1148"}],"version-history":[{"count":2,"href":"https:\/\/oasiodv.it\/index.php?rest_route=\/wp\/v2\/pages\/1148\/revisions"}],"predecessor-version":[{"id":1151,"href":"https:\/\/oasiodv.it\/index.php?rest_route=\/wp\/v2\/pages\/1148\/revisions\/1151"}],"wp:featuredmedia":[{"embeddable":true,"href":"https:\/\/oasiodv.it\/index.php?rest_route=\/wp\/v2\/media\/974"}],"wp:attachment":[{"href":"https:\/\/oasiodv.it\/index.php?rest_route=%2Fwp%2Fv2%2Fmedia&parent=1148"}],"curies":[{"name":"wp","href":"https:\/\/api.w.org\/{rel}","templated":true}]}}

<div class="wp-block-stackable-columns alignfull stk-block-columns stk-block stk-47369fb stk-block-background" data-block-id="47369fb"><style>.stk-47369fb .stk--block-align-47369fb{align-items:center !important;}.stk-47369fb {background-color:#fbf6ed !important;margin-top:0px !important;margin-bottom:0px !important;}.stk-47369fb:before{background-color:#fbf6ed !important;}.stk-47369fb-column{--stk-column-gap:50px !important;row-gap:50px !important;}</style><div class="stk-row stk-inner-blocks stk--block-align-47369fb stk-block-content stk-content-align stk-47369fb-column">
<div class="wp-block-stackable-column stk-block-column stk-column stk-block stk-1da631d" data-v="4" data-block-id="1da631d"><style>.stk-1da631d-container{margin-top:0px !important;margin-right:0px !important;margin-bottom:0px !important;margin-left:0px !important;}.stk-1da631d {margin-top:125px !important;margin-right:auto !important;margin-bottom:98px !important;margin-left:auto !important;}</style><div class="stk-column-wrapper stk-block-column__content stk-container stk-1da631d-container stk--no-background stk--no-padding"><div class="stk-block-content stk-inner-blocks stk-1da631d-inner-blocks">
<h2 class="wp-block-heading">Formazione</h2>



<p><strong>Oasi ODV promuove percorsi di formazione pensati per valorizzare le capacità individuali e offrire nuove opportunità a chi vive situazioni di fragilità.</strong> Crediamo che le attività educative siano uno strumento fondamentale per favorire crescita personale, integrazione e partecipazione attiva alla vita della comunità.</p>



<p><strong>Sosteniamo iniziative di inclusione digitale e sociale</strong>, offrendo corsi, laboratori e supporto personalizzato sia individuale che di gruppo che permettono alle persone più svantaggiate – incluse quelle che vivono condizioni di disabilità – di acquisire competenze utili nel mondo contemporaneo.</p>



<p><strong>Crediamo che l’accesso per tutti alle tecnologie e alle conoscenze digitali</strong>, rappresenti una chiave essenziale per ridurre le disuguaglianze e prevenire nuove forme di esclusione.</p>



<p><strong>Attraverso collaborazioni con scuole, imprese, associazioni e professionisti, sviluppiamo attività che stimolano curiosità, autonomia e fiducia in sé stessi.</strong></p>



<p>Il nostro obiettivo è accompagnare ogni persona in un percorso di crescita che non solo arricchisca le competenze, ma contribuisca a costruire un futuro più consapevole, inclusivo e ricco&nbsp;di&nbsp;possibilità.</p>
</div></div></div>



<div class="wp-block-stackable-column stk-block-column stk-column stk-block stk-43cb914" data-v="4" data-block-id="43cb914"><style>.stk-43cb914-container{margin-top:0px !important;margin-right:0px !important;margin-bottom:0px !important;margin-left:0px !important;}</style><div class="stk-column-wrapper stk-block-column__content stk-container stk-43cb914-container stk--no-background stk--no-padding"><div class="stk-block-content stk-inner-blocks stk-43cb914-inner-blocks">
<figure class="wp-block-image size-large has-custom-border"><img loading="lazy" decoding="async" width="1024" height="683" src="https://oasiodv.it/wp-content/uploads/2025/12/16288-1024x683.jpg" alt="" class="wp-image-1150" style="border-style:none;border-width:0px;border-radius:14px;aspect-ratio:1;object-fit:cover" srcset="https://oasiodv.it/wp-content/uploads/2025/12/16288-1024x683.jpg 1024w, https://oasiodv.it/wp-content/uploads/2025/12/16288-300x200.jpg 300w, https://oasiodv.it/wp-content/uploads/2025/12/16288-768x512.jpg 768w, https://oasiodv.it/wp-content/uploads/2025/12/16288.jpg 1500w" sizes="auto, (max-width: 1024px) 100vw, 1024px" /></figure>



<p class="has-palette-color-4-color has-text-color has-link-color has-small-font-size wp-elements-1124fd9629bb153df180a87e89a482c2"><strong>Credits: </strong><a href="https://it.freepik.com/foto-gratuito/tutti-sorridono-e-ascoltano-gruppo-di-persone-alla-conferenza-di-lavoro-in-aula-moderna-durante-il-giorno_9694503.htm#fromView=search&amp;page=1&amp;position=1&amp;uuid=58c3b1e6-8e6a-4531-a089-c5469ff1ae1b&amp;query=formazione">Immagine di standret su Freepik</a></p>
</div></div></div>
</div></div>



<div class="wp-block-stackable-spacer stk-block-spacer stk--no-padding stk-block stk-0c5a20f" data-block-id="0c5a20f"><style>.stk-0c5a20f {height:130px !important;}@media screen and (max-width:999px){.stk-0c5a20f {height:80px !important;}}</style></div>



<p></p>

<p>Formazione Oasi ODV promuove percorsi di formazione pensati per valorizzare le capacità individuali e offrire nuove opportunità a chi vive situazioni di fragilità. Crediamo che le attività educative siano uno strumento fondamentale per favorire crescita personale, integrazione e partecipazione attiva alla vita della comunità. Sosteniamo iniziative di inclusione digitale e sociale, offrendo corsi, laboratori e [&hellip;]</p>

Formazione Oasi ODV promuove percorsi di formazione pensati per valorizzare le capacità individuali e offrire nuove opportunità a chi vive situazioni di fragilità. Crediamo che le attività educative siano uno strumento fondamentale per favorire crescita personale, integrazione e partecipazione attiva alla vita della comunità. Sosteniamo iniziative di inclusione digitale e sociale, offrendo corsi, laboratori e&hellip;
